alue of 8 - (22 + -10) - -12?
8
What is 6 + (4 + -15 - -7)?
2
Calculate -6 + 11 + (-4 - 4).
-3
What is -4 + (10 - (-3 - -9))?
0
What is the value of (2 - (2 - -1)) + 2 - -3?
4
What is -6 - -4 - -9 - -3?
10
1 + (9 - 1) + 1 + -7
3
What is the value of 2 + 2 - 0 - (-2 + 10)?
-4
What is -15 + 6 + (10 - (12 + -4))?
-7
What is the value of -9 - -8 - (-3 + 0 + 1)?
1
Calculate -12 + (3 - 3 - (6 - 12)).
-6
Calculate 15 + -15 - (0 - -1).
-1
-5 - (-5 + 6 - (1 - -2))
-3
Evaluate 2 + -2 + -4 - -5.
1
What is the value of 2 - (5 - (-8 + 7))?
-4
-5 - (4 + (-8 - -2)) - 2
-5
Evaluate 9 - ((-14 - -5) + 12).
6
Evaluate (7 - (1 + 4)) + (3 - 9).
-4
What is (1 - (3 + -8)) + 2?
8
What is the value of 1 - (9 - 1) - (-11 + 10)?
-6
Evaluate 1 + -3 - (10 - 10 - 1).
-1
Calculate 65 + -56 - (12 - 1).
-2
What is the value of 3 - ((-5 - -6) + (6 - 3))?
-1
What is the value of 1 - (4 + -1) - -5?
3
What is the value of 1 - (-3 + 4 + (-3 - 0))?
3
What is the value of -2 - (-13 - -10) - -9?
10
What is (0 - 9) + -6 + 10?
-5
Calculate 4 - (7 + -10) - 4.
3
Evaluate 3 + 1 + (-5 - 2).
-3
What is the value of -2 + -7 + 7 + 4?
2
Calculate (-5 - -1) + (-2 - -1 - -4).
-1
Calculate (0 - 0) + (-16 - -21).
5
Evaluate 5 - (9 + -3) - -3.
2
What is 2 + -6 + 0 + 4 + -5?
-5
Evaluate (30 - 30) + (6 - -1) + -16.
-9
What is (7 - 4) + (4 - 0 - 3)?
4
Evaluate (-1 + -5 - -15) + -15.
-6
Calculate 0 - (-16 + (-2 - -15)).
3
What is -8 + (5 + 3 - 5)?
-5
Calculate -1 + (5 - (8 - 1)).
-3
Evaluate -2 + -1 + 0 - -7.
4
What is the value of (2 - (-6 + -1 + 6)) + 1?
4
Calculate -5 + -4 - -2 - (17 - 31).
7
What is the value of -1 - (3 + -3) - (-1 - 3)?
3
(4 - 1) + -1 + -6 + 3
-1
Evaluate 5 - (-2 + 2 + 3 + -2).
4
What is the value of 3 + -8 + 4 + 1?
0
Calculate -17 + 1 - (9 - (6 - -11)).
-8
What is 6 - (15 - (15 - 8))?
-2
0 + 12 + 6 + -12 + 3
9
-1 + (0 - -3) - 2
0
-2 + (-5 - (3 - 7))
-3
What is the value of -6 + 21 - 11 - (-3 - -1)?
6
(1 - 2) + -14 - (-1 + -6)
-8
6 + 0 + (7 - 15)
-2
0 + -2 - (-16 + 16)
-2
Evaluate (3 - 18) + (-7 - -14).
-8
What is the value of (2 - 0 - -4) + -1?
5
What is (3 - 1) + (3 - (7 + -4))?
2
Calculate -5 + -1 - (1 - (-6 + 7)).
-6
What is the value of 4 + 1 + (2 - 5) + 0?
2
(-3 - (-5 + -4)) + -3
3
7 + -3 - 5 - 1
-2
What is -4 + 3 + -2 + (-3 - 1)?
-7
What is 0 + 9 - (118 + -102)?
-7
Calculate 6 + -3 + -1 - 1.
1
Calculate -10 + 13 + (0 + 2 - 1).
4
Evaluate (-5 - -2) + (-2 - -2) + -2.
-5
6 - 3 - (6 + 2)
-5
What is 17 + -3 + -2 + -5 + 3?
10
What is the value of -4 + 11 - 3 - 1 - 11?
-8
What is -3 - (-1 - 0) - (-5 + 1)?
2
What is the value of 5 + 1 + 8 - 6?
8
What is (-4 - (-3 - (6 + -5))) + -8?
-8
-1 + 1 + 3 - (5 + 0)
-2
What is the value of 8 + (-8 - -5) + 1?
6
0 - (-9 - (9 + -11))
7
(4 - -3 - -2) + -9
0
Calculate (1 - 1) + 2 + (-8 - -5).
-1
(-15 - (-4 - 3)) + 2
-6
Calculate 0 - (-1 + 0 - -4) - 2.
-5
What is the value of 3 + -2 - (1 - (5 - 1))?
4
What is -29 + 27 - (0 - -2)?
-4
What is -6 - (-2 - (9 + -7))?
-2
What is 0 + 1 + (-9 - -5 - 5)?
-8
-7 + 4 + (7 - 8) + 2
-2
What is the value of (-7 - (2 - (5 - 4))) + 4?
-4
Calculate 1 + (2 - 8 - -2).
-3
Calculate 3 - (-2 - (2 - (2 - -1))).
4
Evaluate (-1 - 5) + 9 - 1.
2
What is 8 - (-2 - (-19 - -4))?
-5
What is -2 + -1 + 8 - (2 - -3)?
0
Calculate -5 + 1 - -8 - 6.
-2
Calculate -2 + 0 + -1 - -4.
1
Evaluate (-2 - 0) + (-2 - 9 - -8).
-5
What is 1 + 9 + -11 - (-8 + 3)?
4
Evaluate -6 - (-12 - (-4 - 3)).
-1
Evaluate 5 - 0 - (11 + -1).
-5
Evaluate 20 + -29 - (2 + -8).
-3
What is -1 + -1 + -2 + 4?
0
-4 - (4 + 3 + -4 - 4)
-3
What is 3 + -3 + 0 - (-7 - -2)?
5
1 + 0 + -6 + 13 + 0
8
What is the value of -13 - -1 - (21 + -17 + -7)?
-9
Calculate -1 + -8 + 5 + (13 - 3).
6
Calculate (0 - -2) + (-2 - -4) + -5.
-1
-3 + -1 + 0 + 4
0
Evaluate -8 + 0 + -1 + -153 + 157.
-5
What is the value of (0 - 2) + 4 + -1 + 1?
2
Evaluate 7 + -6 + (-3 - (-1 - 4)).
3
-14 - -10 - (0 + 1)
-5
What is the value of (5 + 2 - 5) + -1?
1
1 + 7 + -11 - 2
-5
Evaluate 13 + -4 + -5 + 1.
5
Evaluate (14 - 2) + -29 + 13.
-4
4 + (8 - 8) - 5
-1
What is the value of -5 + 9 + (-2 - 1)?
1
Evaluate -6 + 4 + 0 + -2 + 1.
-3
Calculate 8 - ((-7 - -22) + -10).
3
Evaluate 7 - ((-2 - -6) + 5).
-2
What is -19 + 19 + (4 - 1)?
3
Calculate 0 + (4 - 6 - -2).
0
-2 + (-5 + -6 - -5) + 1
-7
What is the value of (11 - 12 - 10) + 15?
4
Evaluate 1 - (-3 - (-4 - 0)).
0
What is -10 + 6 + 2 + 1 + -2?
-3
What is the value of -4 + (5 - 13) + 8?
-4
7 + (0 - 0) - 2
5
(2 - (7 + -2 + 3)) + 13
7
Evaluate -1 + (3 - 1 - 0) + -1.
0
What is -3 + 5 + -1 + (0 - 0)?
1
What is 2 + -7 + -2 + 2?
-5
Evaluate 4 + (-2 - (-9 + 5)) - 1.
5
What is the value of 100 - 109 - (-20 + 1)?
10
(6 - 5) + -1 + 2 + 2
4
Calculate 4 - (2 + 1 + 6).
-5
Evaluate 3 + (2 - 4 - 0) + 4.
5
What is (1 - 3) + -42 + 45?
1
Calculate 12 + -8 - 9 - (-6 + -2).
3
(-1 - -5) + (24 - 33)
-5
Calculate 2 - (-2 - (-3 - (-1 - -1))).
1
Evaluate -7 - ((3 - 9) + -4).
3
Evaluate 5 - (2 + (2 - (3 - 0))).
4
Evaluate -6 + (-23 + 16 - (-13 + -2)).
2
What is 0 + (56 + -66 - (0 + -1))?
-9
Calculate -10 - (10 - (3 - -16)).
-1
Evaluate 6 + -17 + (5 - -1).
-5
What is the value of (6 - 4) + 1 - 0 - 0?
3
Calculate 6 - (5 - (5 + -10 + 10)).
6
Evaluate 10 - ((-6 - 4) + 24).
-4
What is -2 + 6 - (-1 - 0)?
5
Evaluate (2 - -4) + -22 + 17 + -3.
-2
What is the value of (-6 + 14 + -3 - 9) + 3?
-1
Calculate -2 - (-8 + -2) - 5 - 7.
-4
(1 - -4) + 1 + -1
5
Calculate (-20 - -13) + 4 + -1 + 12.
8
Evaluate -2 + 5 + (3 - 4) + -3.
-1
What is the value of 8 + 8 + -23 - (-3 + -13)?
9
What is the value of -7 - (-3 + -3 + 1 + 3)?
-5
What is 0 - ((-5 - -1) + (2 - 2))?
4
Evaluate (-3 - -11) + -11 + (0 - -4).
1
What is (-4 - -10) + 1 - 2?
5
-11 - (-12 - -1 - -4)
-4
What is the value of -4 + (3 + 2 - (9 - 5))?
-3
Evaluate (11 - 32) + 15 + (2 - 0).
-4
-2 + -3 + (14 - 6)
3
Evaluate 0 - (1 + (-4 - -3)).
0
Evaluate -5 + -6 - (0 - 7).
-4
What is the value of (2 - (5 - 2)) + -4?
-5
Evaluate (-1 + 3 - (28 + -26)) + 4.
4
Evaluate 7 + (-2 + 7 - 8).
4
Evaluate -2 + -11 + 5 + 5.
-3
Evaluate -1 + (-6 - (4 + -10)).
-1
What is -2 + 11 - (-19 + 25)?
3
What is (-3 - -10) + -7 + -10?
-10
Calculate (-8 - -15) + -20 + 10.
-3
Calculate (-10 - (-5 - 2)) + 4.
1
What is 15 + -4 + (-7 - -13) + -7?
10
1 + (-4 - -21) - 12
6
-30 - -31 - (-4 - -2 - 2)
5
What is -8 + (0 - -1) - (28 - 30)?
-5
What is -5 + -4 + 7 + -1 + -2?
-5
Calculate (-4 - 20) + 11 + 9.
-4
4 - (0 - (-5 - -1))
0
2 + -3 + 3 + -2
0
Evaluate -2 - (-6 + 6 + -7).
5
What is the value of -4 - (4 + -6 - 0)?
-2
(5 + -2 - 4) + 0
-1
What is (-3 - (1 + -2)) + 0?
-2
Evaluate -5 + 9 + (-3 - -2) + 0.
3
What is the value of -1 + -2 - 1 - -2?
-2
What is the value of -2 - (-16 + 6 + 4)?
4
Calculate (-2 - -1) + 5 - 9.
-5
8 + 0 + -10 - (0 + -6)
4
8 + -2 + (-8 - -4)
2
What is the value of (0 - 1) + (1 - -4) + -1?
3
What is -2 + (7 - 4 - -2) + 1?
4
Evaluate -4 + 0 + 4 + 3.
3
What is (7 - 8) + (-4 - (-6 - 4))?
5
What is 4 + -1 + (-1 - 4 - 3)?
-5
Evaluate (0 - (-8 - -5)) + -2.
1
0 - 0 - (1 - (-4 - -2))
-3
Evaluate (0 - 2) + (-12 - -11).
-3
Evaluate 4 + (-5 - 1) + 6.
4
What is the value of (-5 - -14) + -19 + 9?
-1
Calculate -4 + -5 + 3 + -1 + 6.
-1
Calculate -3 - 3 - (-3 + -5 - -9).
-7
4 + -9 - (-9 - (3 - 10))
-3
Evaluate (0 - 3) + 1 + 0 + 6.
4
-2 - 5 - (-4 - 3) - -5
5
What is 6 - (6 - (1 + 2))?
3
Calculate -3 + 4 + -14 + 5.
-8
-2 + (-12 - -2) + 6 - -13
7
Evaluate 2 - 2 - 1 - -4.
3
5 + (-1 - 2) - (4 - -3)
-5
4 + -1 + (0 - -2)
5
Calculate 0 + -14 + -2 + -3 + 12.
-7
Evaluate -1 + (-1 - 6) + 3.
-5
Calculate 0 - (-6 + (-6 + 6 - 4)).
10
Evaluate -9 - (2 + -2) - -6.
-3
What is -3 - (-1 + 7 - 6 - 3)?
0
What is (5 - (5 + -2)) + 3?
5
-19 - (-6 - 7) - (1 - 11)
4
What is the value of 0 - ((1 - 0) + 7 + -9)?
1
Calculate -17 + 20 + (10 - 7).
6
What is the value of 0 + 4 + -1 + -4?
-1
Evaluate 7 + -11 - (-1 + -1) - 4.
-6
What is the value of -4 - (0 + 2 + -10)?
4
Calculate -7 + 4 - (6 + -5).
-4
What is (2 + -1 - 4) + 3?
0
2 - 5 - ((0 - -1) + -3)
-1
(10 - 8) + -3 + 1 + -2
-2
Evaluate (0 + 4 - 5) + 6.
5
Evaluate 7 + -4 + 0 - 6.
-3
3 - ((-1 - -5) + -2 + 1)
0
What is -37 + 33 - (1 + -5)?
0
Evaluate 9 + -1 - (105 - 99).
2
What is (-6 - -2) + (-1 - -5) - 4?
-4
0 - (3 + (-2 - 4) + -1)
4
Evaluate -1 + -5 + 9 + 0.
3
What is the value of -8 - (2 - (-2 - -6))?
-6
18 - (4 - -18 - 11)
7
What is the value of 2 + (2 - (4 - (3 + -2)))?
1